(t) + 4*n(t). Suppose -9*u - 25 = 11. Calculate v(u).
-1
Let j(z) = z**3 + z**2 - z - 5. Suppose 11*y = 7*y. Suppose -d = -7 - y. Suppose 0 = 6*f - d*f. Give j(f).
-5
Let o(u) = u**3 + 5*u**2 + 2*u. Let k be (-28)/182 - 80/(-13). Suppose k*z = z - 25. Determine o(z).
-10
Let d = -9 - -5. Let u = d - -5. Let c(t) = t**3 - 2*t**2 + t. Let y be c(u). Let i(v) = -v - 10. Give i(y).
-10
Let y(a) be the first derivative of 13 + 7/3*a**3 - 1/4*a**4 + 4*a**2 - 8*a. Give y(8).
-8
Let m = 4 + -11. Let y = 10 + m. Let n(s) = -s**2 - 10 + 12 + 6*s - 6*s. What is n(y)?
-7
Let k(g) be the first derivative of g**2 + 3*g - 1. Let d be (25/50)/((-3)/36). Give k(d).
-9
Let w(j) = -j**3 - 6*j**2 + 2*j + 6. Let a(b) = 6*b**2 + b + 2. Let g be a(-2). Suppose 5 = -5*l + 6*l. Suppose l*t = t - g. Determine w(t).
-6
Let j(h) = -h. Let x be j(3). Suppose 0 = -0*l - 5*l. Let m(g) = 5*g**2 + l*g + 0*g - 3 - 4*g**2. Give m(x).
6
Let p(m) be the second derivative of -m**5/20 + m**4/3 + m**3/2 - m**2/2 + 5*m. Let a(v) = 5*v**3 - 21*v**2 - 16*v + 6. Let n(j) = -2*a(j) - 11*p(j). Give n(3).
5
Let q(c) = -c**2 - 2. Let h be q(0). Let b(f) = -f**2 - 1. Let d(t) = 2*t**2 + t + 3. Let k(v) = h*d(v) - 5*b(v). Determine k(-2).
7
Let n(m) = -66*m + 12. Let h(v) = -19*v + 4. Let o(l) = 10*h(l) - 3*n(l). Determine o(1).
12
Let x(i) be the second derivative of -3*i**5/20 - i**3/6 - 2*i. Suppose -754 = -11*t - 765. Calculate x(t).
4
Let n(z) be the first derivative of z**7/840 - z**6/90 - z**5/20 + 5*z**4/24 + 10*z**3/3 - 14. Let c(v) be the third derivative of n(v). Calculate c(5).
0
Suppose -k - k + 32 = -4*r, -5*k + 5*r = -60. Let b(w) = -w**3 + 8*w**2 - w - 3. Give b(k).
-11
Let n(o) be the second derivative of o**5/10 - o**4/12 + o**2 - 2*o + 45. Suppose 7*u - 2*u + 18 = -g, 0 = -3*g - 5*u - 14. Give n(g).
14
Let i(a) = a**2 - 4*a - 14. Let h be i(6). Let j(u) = 11*u**2 - 17*u. Let g(f) = 5*f**2 + 20 - 20 - 8*f. Let c(l) = 13*g(l) - 6*j(l). What is c(h)?
0
Let y(t) = t**2 - t + 3. Suppose -40 = -3*a + o, -2*a + 6*a = -o + 58. Let g be (-46)/a + (-26)/(-91). Determine y(g).
15
Let u = 230 + -227. Let p(s) = s**3 - 2*s**2 - 3*s + 3. Determine p(u).
3
Let f(q) = q**3 + 6*q**2 - 2*q + 8. Let p(d) = -d**3 + 16*d**2 - 13*d - 36. Let s be p(15). What is f(s)?
20
Let r(s) = 12*s**2 + 6*s - 6*s**2 - 2*s**2 - 8 - 6*s**2 + 3. Calculate r(5).
-25
Let q(k) = -4*k**3 - 1. Let t = -10 - -2. Let h be (-6)/(-24) - (-34)/t. Let i be (2/(-4))/((-2)/h). Give q(i).
3
Let x(q) = -q**2 - 8*q - 7. Let d be (3 - (-18)/(-5))/(1/10). Determine x(d).
5
Let h(u) = -u - 8. Suppose 12 = p + 2*p. Let r = 14 - p. Suppose -5*m = 3*z, r*z - 5*z + 34 = 3*m. Give h(z).
-3
Let l(q) = q + 8. Suppose 132 = 2*w - 4*w. Let h be (-1)/(-3) + w/9. What is l(h)?
1
Let t(v) = -2*v**2 - v + 4. Suppose -4*m - k - 67 = 0, -m = -5*k + 3*k + 19. Let p = -17 - m. Suppose -5*w + p*w = 15. What is t(w)?
-11
Let b(t) = -3*t**3 + t. Let y be (0 - -1) + (-14)/35*-5. Suppose -9*v - y = -6*v. Determine b(v).
2
Suppose -4*g = 5*b - 8, 7*g - 10 = 2*g. Let z(o) = -o**3 - o**2 - o. Give z(b).
0
Let l(w) be the third derivative of w**9/60480 + w**8/2880 - w**7/5040 - w**6/360 - 3*w**5/5 + 25*w**2. Let n(z) be the third derivative of l(z). Give n(-7).
5
Let v(s) = -s**3 - 5*s**2 - 3*s - 6. Let m be (132/52)/3 + (-12)/(-78). Let w be (-5)/(-3) - m - (-272)/(-48). Determine v(w).
9
Let r = -67 - -67. Let z(h) = -h**2 + 3*h + 8. Let l(k) = k. Let b(j) = -4*l(j) + z(j). Give b(r).
8
Let f(g) = 15*g + 0 + 9 - 16*g. Calculate f(10).
-1
Let k(v) = 3*v**3 - 2*v**2 + 2*v - 2. Suppose 48 = -4*t - 2*j, 6*j - j + 20 = 0. Let m be 77/55 - 6/t. Calculate k(m).
18
Let q(c) be the third derivative of -c**5/60 - c**4/12 + c**3/3 + 24*c**2. What is q(-3)?
-1
Suppose v - 5*y = -3, 5*v + 0*y + y - 11 = 0. Let u(c) = -2 + 3 - 6 + 2 + 8*c**v + 6*c + c**3. Calculate u(-7).
4
Let u(v) = -9*v + 50. Let f(a) = -3*a + 18. Let s(p) = 17*f(p) - 6*u(p). What is s(8)?
30
Let n(f) = -8*f**2 + 2*f - 1. Let t(a) = 11*a**2. Let j(d) = 4*n(d) + 3*t(d). Determine j(-5).
-19
Let d(p) = -6 - 3*p + 0*p**2 + 0*p + 0*p - 4*p**2. Let o(k) = -4*k**2 - 3*k - 7. Let s(g) = -4*d(g) + 3*o(g). What is s(-2)?
13
Suppose 1 = -3*j + 13. Let g = 13 + -10. Suppose -g*k - 6 = o, 0 = 3*k - j*k - 4*o + 9. Let d(v) = -v**3 - 2*v**2 - 2*v - 3. Determine d(k).
12
Suppose -3*z - 9 = 0, -4*z - 7 = 2*n + 1. Let b(k) = 2*k**3 - k**2 - k - 1. Calculate b(n).
9
Let t(o) = 4*o**2 + 8*o + 13. Let w(r) = -3*r**2 - 9*r - 15. Let f(v) = -7*t(v) - 6*w(v). Give f(-1).
-9
Let h(b) be the second derivative of b**3/2 + 7*b**2/2 + 340*b. Let x = -1 - 4. Calculate h(x).
-8
Let i be (3*(-5)/(-3))/(-1) - -4. Let k be (-3)/15 - 6/(-5). Let d(u) = 23*u + 1 + k - 1 - 9*u. Calculate d(i).
-13
Let t be (-2)/(-20)*4*-5. Let z(d) = 69*d - 14. Let p(s) = 31*s - 6. Let m(i) = 9*p(i) - 4*z(i). Determine m(t).
-4
Let g(i) = -17*i**3 + 2*i**2 + i. Let l(k) = k**3 + 3*k**2 - 5*k - 5. Let u be l(-4). Calculate g(u).
18
Suppose 0 = -1526*r + 1528*r - 10. Let l(c) = -6*c - 1. Give l(r).
-31
Let g(p) = -p**3 - 2*p**2 + 1. Let w(h) = h**2 + 8*h - 5. Let o be w(-9). Suppose 4*x + 0*x + 4*k = -24, -o*x + 2*k + 6 = 0. Give g(x).
0
Let o(x) = -7*x + 419. Let p be o(61). Let g(r) = r**2 + 3*r - 44. Calculate g(p).
-4
Let c(s) = s**2 + 7*s + 3. Let i = -2133 - -2126. Determine c(i).
3
Suppose 23*z = 80*z + 627. Let i(u) = 3*u + 9. Determine i(z).
-24
Let t(b) = b - 2849 - b + 2820 + 5*b. Give t(9).
16
Let h(f) = -2*f**2 - 6*f - 15. Let a(i) = -2*i**2 - i - 3. Let z(u) = 4*a(u) - h(u). Calculate z(-1).
-5
Let a(k) = k - 1 + 1. Suppose 0 = -38*l + 37*l - 178. Let u = l + 177. Determine a(u).
-1
Let n(z) = -z**3 + 2*z**2 - 3*z + 3. Let o = 71 + -77. Let s be (30/18)/((-5)/o). Calculate n(s).
-3
Suppose 10*w = -17 - 23. Let o(a) = a**3 + 3*a**2 - 7*a - 6. What is o(w)?
6
Let a(m) = -m - 12. Suppose 17 - 22 = 5*d, -5*d = 2*s + 27. Give a(s).
-1
Let k(a) = -2*a**2 + 9*a - 8. Let p = -678 + 682. What is k(p)?
-4
Let a(h) = -h. Suppose -16 - 12 = -2*r. Let m(k) = 6*k - 2. Let v(u) = r*a(u) + 2*m(u). Determine v(-5).
6
Let n(t) = 3*t. Suppose -4*y - 2 = -2*d, 28*d - 23*d - 3*y + 9 = 0. Give n(d).
-9
Let f = -90 - -99. Let h(z) = -z + 15. Determine h(f).
6
Let l = 13 - 14. Let w(m) = -13*m**2 - 10*m + 4. Suppose -4 = -4*j, -5*o - 4*j - 4 = 2. Let v(p) = -4*p**2 - 3*p + 1. Let a(x) = o*w(x) + 7*v(x). What is a(l)?
-2
Suppose -268*a + 232*a - 180 = 0. Let s be (2 - 2 - 0)/(-1). Let y(k) = s + 0 - 1 - 2*k. Calculate y(a).
9
Let q(l) = 2*l + 1. Let n be q(0). Suppose -c + 4 - 2 = 0. Let v(j) = 8*j + j**c - 5*j + n - 4*j. Determine v(0).
1
Let a(l) = 10*l - 2 - 5*l + 3 + l**2. Suppose -1 - 5 = 3*r. Let n be -2 - (r + 4 - -1). Calculate a(n).
1
Let s(h) = -h**2 + 8*h - 6. Let o be s(4). Suppose 0 = -5*t + o*t - 45. Suppose 3 = -3*u + t. Let n(y) = y**2 + y - 2. Give n(u).
4
Suppose 3*x - 17 + 2 = 0. Let p(h) be the second derivative of h**3/6 - 5*h. Calculate p(x).
5
Suppose -19*x - 196 = -253. Let c(k) = -3*k**2 + 9*k + 2. What is c(x)?
2
Suppose -4*w + 9*w - 1100 = 0. Suppose 2*z - w = -3*z. Let t(v) = 40 + 4*v - 81 + z. What is t(-4)?
-13
Let j(l) = -l + 7. Let z = -16 + 23. Let v(k) = k + 2. Let u be v(z). Calculate j(u).
-2
Let n(f) = -f**2 - 5. Suppose m - 38 = 3*m. Let v = -18 - m. Let u = 1 - v. Determine n(u).
-5
Let m(k) = k**3 + 6*k**2 - 17*k - 12. Let h be m(-8). Let n(o) = -o**3 - 4*o**2 + 2*o + 5. Give n(h).
-3
Suppose z = 2*z + 4. Let c(i) = i**2 + 13*i + 14. Let d be c(-12). Let f(h) = -d + 0 - h - h + h. Determine f(z).
2
Suppose 103 = 6*v + 25. Suppose 0 = 5*f + 7 + v. Let c(d) = -d**2 + 2*d + 3. Calculate c(f).
-21
Let o(f) be the first derivative of 7 - 1/2*f**2 + 6*f. Calculate o(7).
-1
Let y = 23 + -25. Let m be 0 + (y - 2) + 0. Let d be 16/4*(-2)/m. Let a(g) = -g**3 - g**2 + 2*g - 1. Determine a(d).
-9
Let n(c) be the first derivative of -c**3/3 + 2*c**2 + 14*c + 504. Give n(6).
2
Suppose -2*g + 1 = 9. Let r be (1/2 - -1)*2. Let b(m) = 4*m**2 - 4 - 9*m**2 + 0 - m**r - 7*m. Determine b(g).
8
Let p(c) = -4 - 13*c + 7*c + 2 + 20. Calculate p(4).
-6
Let u(i) = 4*i**2 - i + 2. Suppose -2*s = -3*m - 42, m + 2*s = -m - 18. Let f be (4/m)/(1*(-1)/(-6)). What is u(f)?
20
Suppose -4*u + 3*u = 3, 5*j + 10 = 5*u. Let m(b) = b**3 + 4*b**2 - 4*b - 1